{"id":10313,"date":"2021-09-16T16:46:12","date_gmt":"2021-09-16T14:46:12","guid":{"rendered":"https:\/\/www.lacooperativewelcoop.com\/?post_type=event&#038;p=10313"},"modified":"2021-09-17T15:52:24","modified_gmt":"2021-09-17T13:52:24","slug":"formation-cancers-du-sein-de-la-prostate","status":"publish","type":"event","link":"https:\/\/www.lacooperativewelcoop.com\/en\/actualites\/agenda\/formation-cancers-du-sein-de-la-prostate\/","title":{"rendered":"Formation &#8220;Cancers du sein &#038; de la prostate&#8221;"},"content":{"rendered":"<p class=\"lead text-primary\">A l&#8217;occasion d&#8217;Octobre Rose et Movember et en tant que professionnel de sant\u00e9 de proximit\u00e9, Objectif Pharma s&#8217;associe \u00e0 Principe Actif pour vous proposer cette journ\u00e9e de formation sur les cancers du sein et de la prostate.<\/p>\n\n\n<p>Les clefs de la formation : <br>-Ma\u00eetriser les traitements anticanc\u00e9reux prescrits pour contribuer \u00e0 la coordination des soins<br>-Elaborer facilement un plan de prise optimal des traitements pour garantir leur efficacit\u00e9<br>-Pr\u00e9venir et g\u00e9rer efficacement les effets ind\u00e9sirables des traitements<br>-R\u00e9pondre avec assurance \u00e0 une demande d&#8217;autom\u00e9dication<br>-Cr\u00e9er un espace conseil sp\u00e9cifique<\/p>\n\n\n\n<p>Pour en savoir plus et vous inscrire, <a href=\"https:\/\/www.lacooperativewelcoop.com\/wp-content\/uploads\/2021\/09\/Cancers-Sein-Prostate-Principe-Actif1.pdf\" target=\"_blank\" rel=\"noreferrer noopener\">cliquez ici.<\/a><\/p>\n","protected":false},"author":5,"featured_media":10314,"template":"","cat_event":[25],"class_list":["post-10313","event","type-event","status-publish","has-post-thumbnail","hentry","cat_event-formations"],"acf":[],"yoast_head":"<!-- This site is optimized with the Yoast SEO plugin v27.5 - https:\/\/yoast.com\/product\/yoast-seo-wordpress\/ -->\n<title>Formation &quot;Cancers du sein &amp; de la prostate&quot; - La Coop\u00e9rative Welcoop<\/title>\n<meta name=\"robots\" content=\"index, follow, max-snippet:-1, max-image-preview:large, max-video-preview:-1\" \/>\n<link rel=\"canonical\" href=\"https:\/\/www.lacooperativewelcoop.com\/actualites\/agenda\/formation-cancers-du-sein-de-la-prostate\/\" \/>\n<meta property=\"og:locale\" content=\"en_US\" \/>\n<meta property=\"og:type\" content=\"article\" \/>\n<meta property=\"og:title\" content=\"Formation &quot;Cancers du sein &amp; de la prostate&quot; - La Coop\u00e9rative Welcoop\" \/>\n<meta property=\"og:description\" content=\"Les clefs de la formation : -Ma\u00eetriser les traitements anticanc\u00e9reux prescrits pour contribuer \u00e0 la coordination des soins-Elaborer facilement un plan de prise optimal des...\" \/>\n<meta property=\"og:url\" content=\"https:\/\/www.lacooperativewelcoop.com\/actualites\/agenda\/formation-cancers-du-sein-de-la-prostate\/\" \/>\n<meta property=\"og:site_name\" content=\"La Coop\u00e9rative Welcoop\" \/>\n<meta property=\"article:publisher\" content=\"https:\/\/www.facebook.com\/lacooperativewelcoop\" \/>\n<meta property=\"article:modified_time\" content=\"2021-09-17T13:52:24+00:00\" \/>\n<meta property=\"og:image\" content=\"https:\/\/www.lacooperativewelcoop.com\/wp-content\/uploads\/2021\/09\/pink-ribbon-3715345_1920.jpg\" \/>\n\t<meta property=\"og:image:width\" content=\"1920\" \/>\n\t<meta property=\"og:image:height\" content=\"1279\" \/>\n\t<meta property=\"og:image:type\" content=\"image\/jpeg\" \/>\n<meta name=\"twitter:card\" content=\"summary_large_image\" \/>\n<meta name=\"twitter:site\" content=\"@LaCoopWelcoop\" \/>\n<meta name=\"twitter:label1\" content=\"Est. reading time\" \/>\n\t<meta name=\"twitter:data1\" content=\"1 minute\" \/>\n<script type=\"application\/ld+json\" class=\"yoast-schema-graph\">{\"@context\":\"https:\\\/\\\/schema.org\",\"@graph\":[{\"@type\":\"WebPage\",\"@id\":\"https:\\\/\\\/www.lacooperativewelcoop.com\\\/actualites\\\/agenda\\\/formation-cancers-du-sein-de-la-prostate\\\/\",\"url\":\"https:\\\/\\\/www.lacooperativewelcoop.com\\\/actualites\\\/agenda\\\/formation-cancers-du-sein-de-la-prostate\\\/\",\"name\":\"Formation \\\"Cancers du sein & de la prostate\\\" - La Coop\u00e9rative Welcoop\",\"isPartOf\":{\"@id\":\"https:\\\/\\\/www.lacooperativewelcoop.com\\\/#website\"},\"primaryImageOfPage\":{\"@id\":\"https:\\\/\\\/www.lacooperativewelcoop.com\\\/actualites\\\/agenda\\\/formation-cancers-du-sein-de-la-prostate\\\/#primaryimage\"},\"image\":{\"@id\":\"https:\\\/\\\/www.lacooperativewelcoop.com\\\/actualites\\\/agenda\\\/formation-cancers-du-sein-de-la-prostate\\\/#primaryimage\"},\"thumbnailUrl\":\"https:\\\/\\\/www.lacooperativewelcoop.com\\\/wp-content\\\/uploads\\\/2021\\\/09\\\/pink-ribbon-3715345_1920.jpg\",\"datePublished\":\"2021-09-16T14:46:12+00:00\",\"dateModified\":\"2021-09-17T13:52:24+00:00\",\"breadcrumb\":{\"@id\":\"https:\\\/\\\/www.lacooperativewelcoop.com\\\/actualites\\\/agenda\\\/formation-cancers-du-sein-de-la-prostate\\\/#breadcrumb\"},\"inLanguage\":\"en-US\",\"potentialAction\":[{\"@type\":\"ReadAction\",\"target\":[\"https:\\\/\\\/www.lacooperativewelcoop.com\\\/actualites\\\/agenda\\\/formation-cancers-du-sein-de-la-prostate\\\/\"]}]},{\"@type\":\"ImageObject\",\"inLanguage\":\"en-US\",\"@id\":\"https:\\\/\\\/www.lacooperativewelcoop.com\\\/actualites\\\/agenda\\\/formation-cancers-du-sein-de-la-prostate\\\/#primaryimage\",\"url\":\"https:\\\/\\\/www.lacooperativewelcoop.com\\\/wp-content\\\/uploads\\\/2021\\\/09\\\/pink-ribbon-3715345_1920.jpg\",\"contentUrl\":\"https:\\\/\\\/www.lacooperativewelcoop.com\\\/wp-content\\\/uploads\\\/2021\\\/09\\\/pink-ribbon-3715345_1920.jpg\",\"width\":1920,\"height\":1279,\"caption\":\"octobre_rose\"},{\"@type\":\"BreadcrumbList\",\"@id\":\"https:\\\/\\\/www.lacooperativewelcoop.com\\\/actualites\\\/agenda\\\/formation-cancers-du-sein-de-la-prostate\\\/#breadcrumb\",\"itemListElement\":[{\"@type\":\"ListItem\",\"position\":1,\"name\":\"Accueil\",\"item\":\"https:\\\/\\\/www.lacooperativewelcoop.com\\\/en\\\/\"},{\"@type\":\"ListItem\",\"position\":2,\"name\":\"Agenda\",\"item\":\"https:\\\/\\\/www.lacooperativewelcoop.com\\\/actualites\\\/agenda\\\/\"},{\"@type\":\"ListItem\",\"position\":3,\"name\":\"Formation \u00ab\u00a0Cancers du sein &#038; de la prostate\u00a0\u00bb\"}]},{\"@type\":\"WebSite\",\"@id\":\"https:\\\/\\\/www.lacooperativewelcoop.com\\\/#website\",\"url\":\"https:\\\/\\\/www.lacooperativewelcoop.com\\\/\",\"name\":\"La Coop\u00e9rative Welcoop\",\"description\":\"Citoyens de la sant\u00e9 et du bien-\u00eatre\",\"publisher\":{\"@id\":\"https:\\\/\\\/www.lacooperativewelcoop.com\\\/#organization\"},\"potentialAction\":[{\"@type\":\"SearchAction\",\"target\":{\"@type\":\"EntryPoint\",\"urlTemplate\":\"https:\\\/\\\/www.lacooperativewelcoop.com\\\/?s={search_term_string}\"},\"query-input\":{\"@type\":\"PropertyValueSpecification\",\"valueRequired\":true,\"valueName\":\"search_term_string\"}}],\"inLanguage\":\"en-US\"},{\"@type\":\"Organization\",\"@id\":\"https:\\\/\\\/www.lacooperativewelcoop.com\\\/#organization\",\"name\":\"La Coop\u00e9rative Welcoop\",\"url\":\"https:\\\/\\\/www.lacooperativewelcoop.com\\\/\",\"logo\":{\"@type\":\"ImageObject\",\"inLanguage\":\"en-US\",\"@id\":\"https:\\\/\\\/www.lacooperativewelcoop.com\\\/#\\\/schema\\\/logo\\\/image\\\/\",\"url\":\"https:\\\/\\\/www.lacooperativewelcoop.com\\\/wp-content\\\/uploads\\\/2019\\\/08\\\/logo@2x.png\",\"contentUrl\":\"https:\\\/\\\/www.lacooperativewelcoop.com\\\/wp-content\\\/uploads\\\/2019\\\/08\\\/logo@2x.png\",\"width\":400,\"height\":218,\"caption\":\"La Coop\u00e9rative Welcoop\"},\"image\":{\"@id\":\"https:\\\/\\\/www.lacooperativewelcoop.com\\\/#\\\/schema\\\/logo\\\/image\\\/\"},\"sameAs\":[\"https:\\\/\\\/www.facebook.com\\\/lacooperativewelcoop\",\"https:\\\/\\\/x.com\\\/LaCoopWelcoop\",\"https:\\\/\\\/www.instagram.com\\\/lacooperativewelcoop\\\/\",\"https:\\\/\\\/www.linkedin.com\\\/company\\\/la-cooperative-welcoop\\\/\",\"https:\\\/\\\/www.youtube.com\\\/playlist?list=PLgsP06JS6FdCOQzquwK_JyDt9fl52quMf\"]}]}<\/script>\n<!-- \/ Yoast SEO plugin. -->","yoast_head_json":{"title":"Formation \"Cancers du sein & de la prostate\" - La Coop\u00e9rative Welcoop","robots":{"index":"index","follow":"follow","max-snippet":"max-snippet:-1","max-image-preview":"max-image-preview:large","max-video-preview":"max-video-preview:-1"},"canonical":"https:\/\/www.lacooperativewelcoop.com\/actualites\/agenda\/formation-cancers-du-sein-de-la-prostate\/","og_locale":"en_US","og_type":"article","og_title":"Formation \"Cancers du sein & de la prostate\" - La Coop\u00e9rative Welcoop","og_description":"Les clefs de la formation : -Ma\u00eetriser les traitements anticanc\u00e9reux prescrits pour contribuer \u00e0 la coordination des soins-Elaborer facilement un plan de prise optimal des...","og_url":"https:\/\/www.lacooperativewelcoop.com\/actualites\/agenda\/formation-cancers-du-sein-de-la-prostate\/","og_site_name":"La Coop\u00e9rative Welcoop","article_publisher":"https:\/\/www.facebook.com\/lacooperativewelcoop","article_modified_time":"2021-09-17T13:52:24+00:00","og_image":[{"width":1920,"height":1279,"url":"https:\/\/www.lacooperativewelcoop.com\/wp-content\/uploads\/2021\/09\/pink-ribbon-3715345_1920.jpg","type":"image\/jpeg"}],"twitter_card":"summary_large_image","twitter_site":"@LaCoopWelcoop","twitter_misc":{"Est. reading time":"1 minute"},"schema":{"@context":"https:\/\/schema.org","@graph":[{"@type":"WebPage","@id":"https:\/\/www.lacooperativewelcoop.com\/actualites\/agenda\/formation-cancers-du-sein-de-la-prostate\/","url":"https:\/\/www.lacooperativewelcoop.com\/actualites\/agenda\/formation-cancers-du-sein-de-la-prostate\/","name":"Formation \"Cancers du sein & de la prostate\" - La Coop\u00e9rative Welcoop","isPartOf":{"@id":"https:\/\/www.lacooperativewelcoop.com\/#website"},"primaryImageOfPage":{"@id":"https:\/\/www.lacooperativewelcoop.com\/actualites\/agenda\/formation-cancers-du-sein-de-la-prostate\/#primaryimage"},"image":{"@id":"https:\/\/www.lacooperativewelcoop.com\/actualites\/agenda\/formation-cancers-du-sein-de-la-prostate\/#primaryimage"},"thumbnailUrl":"https:\/\/www.lacooperativewelcoop.com\/wp-content\/uploads\/2021\/09\/pink-ribbon-3715345_1920.jpg","datePublished":"2021-09-16T14:46:12+00:00","dateModified":"2021-09-17T13:52:24+00:00","breadcrumb":{"@id":"https:\/\/www.lacooperativewelcoop.com\/actualites\/agenda\/formation-cancers-du-sein-de-la-prostate\/#breadcrumb"},"inLanguage":"en-US","potentialAction":[{"@type":"ReadAction","target":["https:\/\/www.lacooperativewelcoop.com\/actualites\/agenda\/formation-cancers-du-sein-de-la-prostate\/"]}]},{"@type":"ImageObject","inLanguage":"en-US","@id":"https:\/\/www.lacooperativewelcoop.com\/actualites\/agenda\/formation-cancers-du-sein-de-la-prostate\/#primaryimage","url":"https:\/\/www.lacooperativewelcoop.com\/wp-content\/uploads\/2021\/09\/pink-ribbon-3715345_1920.jpg","contentUrl":"https:\/\/www.lacooperativewelcoop.com\/wp-content\/uploads\/2021\/09\/pink-ribbon-3715345_1920.jpg","width":1920,"height":1279,"caption":"octobre_rose"},{"@type":"BreadcrumbList","@id":"https:\/\/www.lacooperativewelcoop.com\/actualites\/agenda\/formation-cancers-du-sein-de-la-prostate\/#breadcrumb","itemListElement":[{"@type":"ListItem","position":1,"name":"Accueil","item":"https:\/\/www.lacooperativewelcoop.com\/en\/"},{"@type":"ListItem","position":2,"name":"Agenda","item":"https:\/\/www.lacooperativewelcoop.com\/actualites\/agenda\/"},{"@type":"ListItem","position":3,"name":"Formation \u00ab\u00a0Cancers du sein &#038; de la prostate\u00a0\u00bb"}]},{"@type":"WebSite","@id":"https:\/\/www.lacooperativewelcoop.com\/#website","url":"https:\/\/www.lacooperativewelcoop.com\/","name":"La Coop\u00e9rative Welcoop","description":"Citoyens de la sant\u00e9 et du bien-\u00eatre","publisher":{"@id":"https:\/\/www.lacooperativewelcoop.com\/#organization"},"potentialAction":[{"@type":"SearchAction","target":{"@type":"EntryPoint","urlTemplate":"https:\/\/www.lacooperativewelcoop.com\/?s={search_term_string}"},"query-input":{"@type":"PropertyValueSpecification","valueRequired":true,"valueName":"search_term_string"}}],"inLanguage":"en-US"},{"@type":"Organization","@id":"https:\/\/www.lacooperativewelcoop.com\/#organization","name":"La Coop\u00e9rative Welcoop","url":"https:\/\/www.lacooperativewelcoop.com\/","logo":{"@type":"ImageObject","inLanguage":"en-US","@id":"https:\/\/www.lacooperativewelcoop.com\/#\/schema\/logo\/image\/","url":"https:\/\/www.lacooperativewelcoop.com\/wp-content\/uploads\/2019\/08\/logo@2x.png","contentUrl":"https:\/\/www.lacooperativewelcoop.com\/wp-content\/uploads\/2019\/08\/logo@2x.png","width":400,"height":218,"caption":"La Coop\u00e9rative Welcoop"},"image":{"@id":"https:\/\/www.lacooperativewelcoop.com\/#\/schema\/logo\/image\/"},"sameAs":["https:\/\/www.facebook.com\/lacooperativewelcoop","https:\/\/x.com\/LaCoopWelcoop","https:\/\/www.instagram.com\/lacooperativewelcoop\/","https:\/\/www.linkedin.com\/company\/la-cooperative-welcoop\/","https:\/\/www.youtube.com\/playlist?list=PLgsP06JS6FdCOQzquwK_JyDt9fl52quMf"]}]}},"_links":{"self":[{"href":"https:\/\/www.lacooperativewelcoop.com\/en\/wp-json\/wp\/v2\/event\/10313","targetHints":{"allow":["GET"]}}],"collection":[{"href":"https:\/\/www.lacooperativewelcoop.com\/en\/wp-json\/wp\/v2\/event"}],"about":[{"href":"https:\/\/www.lacooperativewelcoop.com\/en\/wp-json\/wp\/v2\/types\/event"}],"author":[{"embeddable":true,"href":"https:\/\/www.lacooperativewelcoop.com\/en\/wp-json\/wp\/v2\/users\/5"}],"wp:featuredmedia":[{"embeddable":true,"href":"https:\/\/www.lacooperativewelcoop.com\/en\/wp-json\/wp\/v2\/media\/10314"}],"wp:attachment":[{"href":"https:\/\/www.lacooperativewelcoop.com\/en\/wp-json\/wp\/v2\/media?parent=10313"}],"wp:term":[{"taxonomy":"cat_event","embeddable":true,"href":"https:\/\/www.lacooperativewelcoop.com\/en\/wp-json\/wp\/v2\/cat_event?post=10313"}],"curies":[{"name":"wp","href":"https:\/\/api.w.org\/{rel}","templated":true}]}}

<p class="lead text-primary">A l&#8217;occasion d&#8217;Octobre Rose et Movember et en tant que professionnel de santé de proximité, Objectif Pharma s&#8217;associe à Principe Actif pour vous proposer cette journée de formation sur les cancers du sein et de la prostate.</p>


<p>Les clefs de la formation : <br>-Maîtriser les traitements anticancéreux prescrits pour contribuer à la coordination des soins<br>-Elaborer facilement un plan de prise optimal des traitements pour garantir leur efficacité<br>-Prévenir et gérer efficacement les effets indésirables des traitements<br>-Répondre avec assurance à une demande d&#8217;automédication<br>-Créer un espace conseil spécifique</p>



<p>Pour en savoir plus et vous inscrire, <a href="https://www.lacooperativewelcoop.com/wp-content/uploads/2021/09/Cancers-Sein-Prostate-Principe-Actif1.pdf" target="_blank" rel="noreferrer noopener">cliquez ici.</a></p>

<!-- This site is optimized with the Yoast SEO plugin v27.5 - https://yoast.com/product/yoast-seo-wordpress/ -->
<title>Formation &quot;Cancers du sein &amp; de la prostate&quot; - La Coopérative Welcoop</title>
<meta name="robots" content="index, follow, max-snippet:-1, max-image-preview:large, max-video-preview:-1" />
<link rel="canonical" href="https://www.lacooperativewelcoop.com/actualites/agenda/formation-cancers-du-sein-de-la-prostate/" />
<meta property="og:locale" content="en_US" />
<meta property="og:type" content="article" />
<meta property="og:title" content="Formation &quot;Cancers du sein &amp; de la prostate&quot; - La Coopérative Welcoop" />
<meta property="og:description" content="Les clefs de la formation : -Maîtriser les traitements anticancéreux prescrits pour contribuer à la coordination des soins-Elaborer facilement un plan de prise optimal des..." />
<meta property="og:url" content="https://www.lacooperativewelcoop.com/actualites/agenda/formation-cancers-du-sein-de-la-prostate/" />
<meta property="og:site_name" content="La Coopérative Welcoop" />
<meta property="article:publisher" content="https://www.facebook.com/lacooperativewelcoop" />
<meta property="article:modified_time" content="2021-09-17T13:52:24+00:00" />
<meta property="og:image" content="https://www.lacooperativewelcoop.com/wp-content/uploads/2021/09/pink-ribbon-3715345_1920.jpg" />
	<meta property="og:image:width" content="1920" />
	<meta property="og:image:height" content="1279" />
	<meta property="og:image:type" content="image/jpeg" />
<meta name="twitter:card" content="summary_large_image" />
<meta name="twitter:site" content="@LaCoopWelcoop" />
<meta name="twitter:label1" content="Est. reading time" />
	<meta name="twitter:data1" content="1 minute" />
<script type="application/ld+json" class="yoast-schema-graph">{"@context":"https:\/\/schema.org","@graph":[{"@type":"WebPage","@id":"https:\/\/www.lacooperativewelcoop.com\/actualites\/agenda\/formation-cancers-du-sein-de-la-prostate\/","url":"https:\/\/www.lacooperativewelcoop.com\/actualites\/agenda\/formation-cancers-du-sein-de-la-prostate\/","name":"Formation \"Cancers du sein & de la prostate\" - La Coopérative Welcoop","isPartOf":{"@id":"https:\/\/www.lacooperativewelcoop.com\/#website"},"primaryImageOfPage":{"@id":"https:\/\/www.lacooperativewelcoop.com\/actualites\/agenda\/formation-cancers-du-sein-de-la-prostate\/#primaryimage"},"image":{"@id":"https:\/\/www.lacooperativewelcoop.com\/actualites\/agenda\/formation-cancers-du-sein-de-la-prostate\/#primaryimage"},"thumbnailUrl":"https:\/\/www.lacooperativewelcoop.com\/wp-content\/uploads\/2021\/09\/pink-ribbon-3715345_1920.jpg","datePublished":"2021-09-16T14:46:12+00:00","dateModified":"2021-09-17T13:52:24+00:00","breadcrumb":{"@id":"https:\/\/www.lacooperativewelcoop.com\/actualites\/agenda\/formation-cancers-du-sein-de-la-prostate\/#breadcrumb"},"inLanguage":"en-US","potentialAction":[{"@type":"ReadAction","target":["https:\/\/www.lacooperativewelcoop.com\/actualites\/agenda\/formation-cancers-du-sein-de-la-prostate\/"]}]},{"@type":"ImageObject","inLanguage":"en-US","@id":"https:\/\/www.lacooperativewelcoop.com\/actualites\/agenda\/formation-cancers-du-sein-de-la-prostate\/#primaryimage","url":"https:\/\/www.lacooperativewelcoop.com\/wp-content\/uploads\/2021\/09\/pink-ribbon-3715345_1920.jpg","contentUrl":"https:\/\/www.lacooperativewelcoop.com\/wp-content\/uploads\/2021\/09\/pink-ribbon-3715345_1920.jpg","width":1920,"height":1279,"caption":"octobre_rose"},{"@type":"BreadcrumbList","@id":"https:\/\/www.lacooperativewelcoop.com\/actualites\/agenda\/formation-cancers-du-sein-de-la-prostate\/#breadcrumb","itemListElement":[{"@type":"ListItem","position":1,"name":"Accueil","item":"https:\/\/www.lacooperativewelcoop.com\/en\/"},{"@type":"ListItem","position":2,"name":"Agenda","item":"https:\/\/www.lacooperativewelcoop.com\/actualites\/agenda\/"},{"@type":"ListItem","position":3,"name":"Formation « Cancers du sein &#038; de la prostate »"}]},{"@type":"WebSite","@id":"https:\/\/www.lacooperativewelcoop.com\/#website","url":"https:\/\/www.lacooperativewelcoop.com\/","name":"La Coopérative Welcoop","description":"Citoyens de la santé et du bien-être","publisher":{"@id":"https:\/\/www.lacooperativewelcoop.com\/#organization"},"potentialAction":[{"@type":"SearchAction","target":{"@type":"EntryPoint","urlTemplate":"https:\/\/www.lacooperativewelcoop.com\/?s={search_term_string}"},"query-input":{"@type":"PropertyValueSpecification","valueRequired":true,"valueName":"search_term_string"}}],"inLanguage":"en-US"},{"@type":"Organization","@id":"https:\/\/www.lacooperativewelcoop.com\/#organization","name":"La Coopérative Welcoop","url":"https:\/\/www.lacooperativewelcoop.com\/","logo":{"@type":"ImageObject","inLanguage":"en-US","@id":"https:\/\/www.lacooperativewelcoop.com\/#\/schema\/logo\/image\/","url":"https:\/\/www.lacooperativewelcoop.com\/wp-content\/uploads\/2019\/08\/logo@2x.png","contentUrl":"https:\/\/www.lacooperativewelcoop.com\/wp-content\/uploads\/2019\/08\/logo@2x.png","width":400,"height":218,"caption":"La Coopérative Welcoop"},"image":{"@id":"https:\/\/www.lacooperativewelcoop.com\/#\/schema\/logo\/image\/"},"sameAs":["https:\/\/www.facebook.com\/lacooperativewelcoop","https:\/\/x.com\/LaCoopWelcoop","https:\/\/www.instagram.com\/lacooperativewelcoop\/","https:\/\/www.linkedin.com\/company\/la-cooperative-welcoop\/","https:\/\/www.youtube.com\/playlist?list=PLgsP06JS6FdCOQzquwK_JyDt9fl52quMf"]}]}</script>
<!-- / Yoast SEO plugin. -->

Formation "Cancers du sein & de la prostate" - La Coopérative Welcoop

Les clefs de la formation : -Maîtriser les traitements anticancéreux prescrits pour contribuer à la coordination des soins-Elaborer facilement un plan de prise optimal des...

La Coopérative Welcoop

Citoyens de la santé et du bien-être
