{"id":10550,"date":"2021-11-02T16:28:37","date_gmt":"2021-11-02T15:28:37","guid":{"rendered":"https:\/\/www.lacooperativewelcoop.com\/?post_type=event&#038;p=10550"},"modified":"2022-01-17T16:32:42","modified_gmt":"2022-01-17T15:32:42","slug":"journee-daide-a-linstallation-clermont-ferrand","status":"publish","type":"event","link":"https:\/\/www.lacooperativewelcoop.com\/en\/actualites\/agenda\/journee-daide-a-linstallation-clermont-ferrand\/","title":{"rendered":"Soir\u00e9e \u00ab Rencontres de l\u2019installation \u00bb &#8211; Clermont-Ferrand"},"content":{"rendered":"\n<p>Envie de vous installer ?<br>Objectif Pharma vous accompagne dans votre projet !<\/p>\n\n\n\n<p>&#x27a1;&#xfe0f; B\u00e9n\u00e9ficier de conseils de nos experts : comptables, assureurs, banquiers, avocats,\u2026<br>&#x27a1;&#xfe0f; Comprendre l&#8217;univers officinal via des chiffres cl\u00e9s.<br>&#x27a1;&#xfe0f; D\u00e9velopper la rentabilit\u00e9 de votre future entreprise.<\/p>\n\n\n\n<p>Contact :<br>&#x1f4e7;<a href=\"mailto:anne.demay@lacooperativewelcoop.com\">anne.demay@lacooperativewelcoop.com<\/a><br>&#x1f4f1; 06 80 51 76 89<\/p>\n","protected":false},"author":5,"featured_media":10881,"template":"","cat_event":[25],"class_list":["post-10550","event","type-event","status-publish","has-post-thumbnail","hentry","cat_event-formations"],"acf":[],"yoast_head":"<!-- This site is optimized with the Yoast SEO plugin v27.5 - https:\/\/yoast.com\/product\/yoast-seo-wordpress\/ -->\n<title>Soir\u00e9e \u00ab Rencontres de l\u2019installation \u00bb - Clermont-Ferrand - La Coop\u00e9rative Welcoop<\/title>\n<meta name=\"robots\" content=\"index, follow, max-snippet:-1, max-image-preview:large, max-video-preview:-1\" \/>\n<link rel=\"canonical\" href=\"https:\/\/www.lacooperativewelcoop.com\/en\/actualites\/agenda\/journee-daide-a-linstallation-clermont-ferrand\/\" \/>\n<meta property=\"og:locale\" content=\"en_US\" \/>\n<meta property=\"og:type\" content=\"article\" \/>\n<meta property=\"og:title\" content=\"Soir\u00e9e \u00ab Rencontres de l\u2019installation \u00bb - Clermont-Ferrand - La Coop\u00e9rative Welcoop\" \/>\n<meta property=\"og:description\" content=\"Envie de vous installer ?Objectif Pharma vous accompagne dans votre projet ! &#x27a1;&#xfe0f; B\u00e9n\u00e9ficier de conseils de nos experts : comptables, assureurs, banquiers, avocats,\u2026&#x27a1;&#xfe0f; Comprendre...\" \/>\n<meta property=\"og:url\" content=\"https:\/\/www.lacooperativewelcoop.com\/en\/actualites\/agenda\/journee-daide-a-linstallation-clermont-ferrand\/\" \/>\n<meta property=\"og:site_name\" content=\"La Coop\u00e9rative Welcoop\" \/>\n<meta property=\"article:publisher\" content=\"https:\/\/www.facebook.com\/lacooperativewelcoop\" \/>\n<meta property=\"article:modified_time\" content=\"2022-01-17T15:32:42+00:00\" \/>\n<meta property=\"og:image\" content=\"https:\/\/www.lacooperativewelcoop.com\/wp-content\/uploads\/2021\/11\/3.png\" \/>\n\t<meta property=\"og:image:width\" content=\"1640\" \/>\n\t<meta property=\"og:image:height\" content=\"924\" \/>\n\t<meta property=\"og:image:type\" content=\"image\/png\" \/>\n<meta name=\"twitter:card\" content=\"summary_large_image\" \/>\n<meta name=\"twitter:site\" content=\"@LaCoopWelcoop\" \/>\n<meta name=\"twitter:label1\" content=\"Est. reading time\" \/>\n\t<meta name=\"twitter:data1\" content=\"1 minute\" \/>\n<script type=\"application\/ld+json\" class=\"yoast-schema-graph\">{\"@context\":\"https:\\\/\\\/schema.org\",\"@graph\":[{\"@type\":\"WebPage\",\"@id\":\"https:\\\/\\\/www.lacooperativewelcoop.com\\\/en\\\/actualites\\\/agenda\\\/journee-daide-a-linstallation-clermont-ferrand\\\/\",\"url\":\"https:\\\/\\\/www.lacooperativewelcoop.com\\\/en\\\/actualites\\\/agenda\\\/journee-daide-a-linstallation-clermont-ferrand\\\/\",\"name\":\"Soir\u00e9e \u00ab Rencontres de l\u2019installation \u00bb - Clermont-Ferrand - La Coop\u00e9rative Welcoop\",\"isPartOf\":{\"@id\":\"https:\\\/\\\/www.lacooperativewelcoop.com\\\/#website\"},\"primaryImageOfPage\":{\"@id\":\"https:\\\/\\\/www.lacooperativewelcoop.com\\\/en\\\/actualites\\\/agenda\\\/journee-daide-a-linstallation-clermont-ferrand\\\/#primaryimage\"},\"image\":{\"@id\":\"https:\\\/\\\/www.lacooperativewelcoop.com\\\/en\\\/actualites\\\/agenda\\\/journee-daide-a-linstallation-clermont-ferrand\\\/#primaryimage\"},\"thumbnailUrl\":\"https:\\\/\\\/www.lacooperativewelcoop.com\\\/wp-content\\\/uploads\\\/2021\\\/11\\\/3.png\",\"datePublished\":\"2021-11-02T15:28:37+00:00\",\"dateModified\":\"2022-01-17T15:32:42+00:00\",\"breadcrumb\":{\"@id\":\"https:\\\/\\\/www.lacooperativewelcoop.com\\\/en\\\/actualites\\\/agenda\\\/journee-daide-a-linstallation-clermont-ferrand\\\/#breadcrumb\"},\"inLanguage\":\"en-US\",\"potentialAction\":[{\"@type\":\"ReadAction\",\"target\":[\"https:\\\/\\\/www.lacooperativewelcoop.com\\\/en\\\/actualites\\\/agenda\\\/journee-daide-a-linstallation-clermont-ferrand\\\/\"]}]},{\"@type\":\"ImageObject\",\"inLanguage\":\"en-US\",\"@id\":\"https:\\\/\\\/www.lacooperativewelcoop.com\\\/en\\\/actualites\\\/agenda\\\/journee-daide-a-linstallation-clermont-ferrand\\\/#primaryimage\",\"url\":\"https:\\\/\\\/www.lacooperativewelcoop.com\\\/wp-content\\\/uploads\\\/2021\\\/11\\\/3.png\",\"contentUrl\":\"https:\\\/\\\/www.lacooperativewelcoop.com\\\/wp-content\\\/uploads\\\/2021\\\/11\\\/3.png\",\"width\":1640,\"height\":924,\"caption\":\"Rencontres installation\"},{\"@type\":\"BreadcrumbList\",\"@id\":\"https:\\\/\\\/www.lacooperativewelcoop.com\\\/en\\\/actualites\\\/agenda\\\/journee-daide-a-linstallation-clermont-ferrand\\\/#breadcrumb\",\"itemListElement\":[{\"@type\":\"ListItem\",\"position\":1,\"name\":\"Accueil\",\"item\":\"https:\\\/\\\/www.lacooperativewelcoop.com\\\/en\\\/\"},{\"@type\":\"ListItem\",\"position\":2,\"name\":\"Agenda\",\"item\":\"https:\\\/\\\/www.lacooperativewelcoop.com\\\/actualites\\\/agenda\\\/\"},{\"@type\":\"ListItem\",\"position\":3,\"name\":\"Soir\u00e9e \u00ab Rencontres de l\u2019installation \u00bb &#8211; Clermont-Ferrand\"}]},{\"@type\":\"WebSite\",\"@id\":\"https:\\\/\\\/www.lacooperativewelcoop.com\\\/#website\",\"url\":\"https:\\\/\\\/www.lacooperativewelcoop.com\\\/\",\"name\":\"La Coop\u00e9rative Welcoop\",\"description\":\"Citoyens de la sant\u00e9 et du bien-\u00eatre\",\"publisher\":{\"@id\":\"https:\\\/\\\/www.lacooperativewelcoop.com\\\/#organization\"},\"potentialAction\":[{\"@type\":\"SearchAction\",\"target\":{\"@type\":\"EntryPoint\",\"urlTemplate\":\"https:\\\/\\\/www.lacooperativewelcoop.com\\\/?s={search_term_string}\"},\"query-input\":{\"@type\":\"PropertyValueSpecification\",\"valueRequired\":true,\"valueName\":\"search_term_string\"}}],\"inLanguage\":\"en-US\"},{\"@type\":\"Organization\",\"@id\":\"https:\\\/\\\/www.lacooperativewelcoop.com\\\/#organization\",\"name\":\"La Coop\u00e9rative Welcoop\",\"url\":\"https:\\\/\\\/www.lacooperativewelcoop.com\\\/\",\"logo\":{\"@type\":\"ImageObject\",\"inLanguage\":\"en-US\",\"@id\":\"https:\\\/\\\/www.lacooperativewelcoop.com\\\/#\\\/schema\\\/logo\\\/image\\\/\",\"url\":\"https:\\\/\\\/www.lacooperativewelcoop.com\\\/wp-content\\\/uploads\\\/2019\\\/08\\\/logo@2x.png\",\"contentUrl\":\"https:\\\/\\\/www.lacooperativewelcoop.com\\\/wp-content\\\/uploads\\\/2019\\\/08\\\/logo@2x.png\",\"width\":400,\"height\":218,\"caption\":\"La Coop\u00e9rative Welcoop\"},\"image\":{\"@id\":\"https:\\\/\\\/www.lacooperativewelcoop.com\\\/#\\\/schema\\\/logo\\\/image\\\/\"},\"sameAs\":[\"https:\\\/\\\/www.facebook.com\\\/lacooperativewelcoop\",\"https:\\\/\\\/x.com\\\/LaCoopWelcoop\",\"https:\\\/\\\/www.instagram.com\\\/lacooperativewelcoop\\\/\",\"https:\\\/\\\/www.linkedin.com\\\/company\\\/la-cooperative-welcoop\\\/\",\"https:\\\/\\\/www.youtube.com\\\/playlist?list=PLgsP06JS6FdCOQzquwK_JyDt9fl52quMf\"]}]}<\/script>\n<!-- \/ Yoast SEO plugin. -->","yoast_head_json":{"title":"Soir\u00e9e \u00ab Rencontres de l\u2019installation \u00bb - Clermont-Ferrand - La Coop\u00e9rative Welcoop","robots":{"index":"index","follow":"follow","max-snippet":"max-snippet:-1","max-image-preview":"max-image-preview:large","max-video-preview":"max-video-preview:-1"},"canonical":"https:\/\/www.lacooperativewelcoop.com\/en\/actualites\/agenda\/journee-daide-a-linstallation-clermont-ferrand\/","og_locale":"en_US","og_type":"article","og_title":"Soir\u00e9e \u00ab Rencontres de l\u2019installation \u00bb - Clermont-Ferrand - La Coop\u00e9rative Welcoop","og_description":"Envie de vous installer ?Objectif Pharma vous accompagne dans votre projet ! &#x27a1;&#xfe0f; B\u00e9n\u00e9ficier de conseils de nos experts : comptables, assureurs, banquiers, avocats,\u2026&#x27a1;&#xfe0f; Comprendre...","og_url":"https:\/\/www.lacooperativewelcoop.com\/en\/actualites\/agenda\/journee-daide-a-linstallation-clermont-ferrand\/","og_site_name":"La Coop\u00e9rative Welcoop","article_publisher":"https:\/\/www.facebook.com\/lacooperativewelcoop","article_modified_time":"2022-01-17T15:32:42+00:00","og_image":[{"width":1640,"height":924,"url":"https:\/\/www.lacooperativewelcoop.com\/wp-content\/uploads\/2021\/11\/3.png","type":"image\/png"}],"twitter_card":"summary_large_image","twitter_site":"@LaCoopWelcoop","twitter_misc":{"Est. reading time":"1 minute"},"schema":{"@context":"https:\/\/schema.org","@graph":[{"@type":"WebPage","@id":"https:\/\/www.lacooperativewelcoop.com\/en\/actualites\/agenda\/journee-daide-a-linstallation-clermont-ferrand\/","url":"https:\/\/www.lacooperativewelcoop.com\/en\/actualites\/agenda\/journee-daide-a-linstallation-clermont-ferrand\/","name":"Soir\u00e9e \u00ab Rencontres de l\u2019installation \u00bb - Clermont-Ferrand - La Coop\u00e9rative Welcoop","isPartOf":{"@id":"https:\/\/www.lacooperativewelcoop.com\/#website"},"primaryImageOfPage":{"@id":"https:\/\/www.lacooperativewelcoop.com\/en\/actualites\/agenda\/journee-daide-a-linstallation-clermont-ferrand\/#primaryimage"},"image":{"@id":"https:\/\/www.lacooperativewelcoop.com\/en\/actualites\/agenda\/journee-daide-a-linstallation-clermont-ferrand\/#primaryimage"},"thumbnailUrl":"https:\/\/www.lacooperativewelcoop.com\/wp-content\/uploads\/2021\/11\/3.png","datePublished":"2021-11-02T15:28:37+00:00","dateModified":"2022-01-17T15:32:42+00:00","breadcrumb":{"@id":"https:\/\/www.lacooperativewelcoop.com\/en\/actualites\/agenda\/journee-daide-a-linstallation-clermont-ferrand\/#breadcrumb"},"inLanguage":"en-US","potentialAction":[{"@type":"ReadAction","target":["https:\/\/www.lacooperativewelcoop.com\/en\/actualites\/agenda\/journee-daide-a-linstallation-clermont-ferrand\/"]}]},{"@type":"ImageObject","inLanguage":"en-US","@id":"https:\/\/www.lacooperativewelcoop.com\/en\/actualites\/agenda\/journee-daide-a-linstallation-clermont-ferrand\/#primaryimage","url":"https:\/\/www.lacooperativewelcoop.com\/wp-content\/uploads\/2021\/11\/3.png","contentUrl":"https:\/\/www.lacooperativewelcoop.com\/wp-content\/uploads\/2021\/11\/3.png","width":1640,"height":924,"caption":"Rencontres installation"},{"@type":"BreadcrumbList","@id":"https:\/\/www.lacooperativewelcoop.com\/en\/actualites\/agenda\/journee-daide-a-linstallation-clermont-ferrand\/#breadcrumb","itemListElement":[{"@type":"ListItem","position":1,"name":"Accueil","item":"https:\/\/www.lacooperativewelcoop.com\/en\/"},{"@type":"ListItem","position":2,"name":"Agenda","item":"https:\/\/www.lacooperativewelcoop.com\/actualites\/agenda\/"},{"@type":"ListItem","position":3,"name":"Soir\u00e9e \u00ab Rencontres de l\u2019installation \u00bb &#8211; Clermont-Ferrand"}]},{"@type":"WebSite","@id":"https:\/\/www.lacooperativewelcoop.com\/#website","url":"https:\/\/www.lacooperativewelcoop.com\/","name":"La Coop\u00e9rative Welcoop","description":"Citoyens de la sant\u00e9 et du bien-\u00eatre","publisher":{"@id":"https:\/\/www.lacooperativewelcoop.com\/#organization"},"potentialAction":[{"@type":"SearchAction","target":{"@type":"EntryPoint","urlTemplate":"https:\/\/www.lacooperativewelcoop.com\/?s={search_term_string}"},"query-input":{"@type":"PropertyValueSpecification","valueRequired":true,"valueName":"search_term_string"}}],"inLanguage":"en-US"},{"@type":"Organization","@id":"https:\/\/www.lacooperativewelcoop.com\/#organization","name":"La Coop\u00e9rative Welcoop","url":"https:\/\/www.lacooperativewelcoop.com\/","logo":{"@type":"ImageObject","inLanguage":"en-US","@id":"https:\/\/www.lacooperativewelcoop.com\/#\/schema\/logo\/image\/","url":"https:\/\/www.lacooperativewelcoop.com\/wp-content\/uploads\/2019\/08\/logo@2x.png","contentUrl":"https:\/\/www.lacooperativewelcoop.com\/wp-content\/uploads\/2019\/08\/logo@2x.png","width":400,"height":218,"caption":"La Coop\u00e9rative Welcoop"},"image":{"@id":"https:\/\/www.lacooperativewelcoop.com\/#\/schema\/logo\/image\/"},"sameAs":["https:\/\/www.facebook.com\/lacooperativewelcoop","https:\/\/x.com\/LaCoopWelcoop","https:\/\/www.instagram.com\/lacooperativewelcoop\/","https:\/\/www.linkedin.com\/company\/la-cooperative-welcoop\/","https:\/\/www.youtube.com\/playlist?list=PLgsP06JS6FdCOQzquwK_JyDt9fl52quMf"]}]}},"_links":{"self":[{"href":"https:\/\/www.lacooperativewelcoop.com\/en\/wp-json\/wp\/v2\/event\/10550","targetHints":{"allow":["GET"]}}],"collection":[{"href":"https:\/\/www.lacooperativewelcoop.com\/en\/wp-json\/wp\/v2\/event"}],"about":[{"href":"https:\/\/www.lacooperativewelcoop.com\/en\/wp-json\/wp\/v2\/types\/event"}],"author":[{"embeddable":true,"href":"https:\/\/www.lacooperativewelcoop.com\/en\/wp-json\/wp\/v2\/users\/5"}],"wp:featuredmedia":[{"embeddable":true,"href":"https:\/\/www.lacooperativewelcoop.com\/en\/wp-json\/wp\/v2\/media\/10881"}],"wp:attachment":[{"href":"https:\/\/www.lacooperativewelcoop.com\/en\/wp-json\/wp\/v2\/media?parent=10550"}],"wp:term":[{"taxonomy":"cat_event","embeddable":true,"href":"https:\/\/www.lacooperativewelcoop.com\/en\/wp-json\/wp\/v2\/cat_event?post=10550"}],"curies":[{"name":"wp","href":"https:\/\/api.w.org\/{rel}","templated":true}]}}

Soirée « Rencontres de l’installation » &#8211; Clermont-Ferrand

<p>Envie de vous installer ?<br>Objectif Pharma vous accompagne dans votre projet !</p>



<p>&#x27a1;&#xfe0f; Bénéficier de conseils de nos experts : comptables, assureurs, banquiers, avocats,…<br>&#x27a1;&#xfe0f; Comprendre l&#8217;univers officinal via des chiffres clés.<br>&#x27a1;&#xfe0f; Développer la rentabilité de votre future entreprise.</p>



<p>Contact :<br>&#x1f4e7;<a href="mailto:anne.demay@lacooperativewelcoop.com">anne.demay@lacooperativewelcoop.com</a><br>&#x1f4f1; 06 80 51 76 89</p>

<!-- This site is optimized with the Yoast SEO plugin v27.5 - https://yoast.com/product/yoast-seo-wordpress/ -->
<title>Soirée « Rencontres de l’installation » - Clermont-Ferrand - La Coopérative Welcoop</title>
<meta name="robots" content="index, follow, max-snippet:-1, max-image-preview:large, max-video-preview:-1" />
<link rel="canonical" href="https://www.lacooperativewelcoop.com/en/actualites/agenda/journee-daide-a-linstallation-clermont-ferrand/" />
<meta property="og:locale" content="en_US" />
<meta property="og:type" content="article" />
<meta property="og:title" content="Soirée « Rencontres de l’installation » - Clermont-Ferrand - La Coopérative Welcoop" />
<meta property="og:description" content="Envie de vous installer ?Objectif Pharma vous accompagne dans votre projet ! &#x27a1;&#xfe0f; Bénéficier de conseils de nos experts : comptables, assureurs, banquiers, avocats,…&#x27a1;&#xfe0f; Comprendre..." />
<meta property="og:url" content="https://www.lacooperativewelcoop.com/en/actualites/agenda/journee-daide-a-linstallation-clermont-ferrand/" />
<meta property="og:site_name" content="La Coopérative Welcoop" />
<meta property="article:publisher" content="https://www.facebook.com/lacooperativewelcoop" />
<meta property="article:modified_time" content="2022-01-17T15:32:42+00:00" />
<meta property="og:image" content="https://www.lacooperativewelcoop.com/wp-content/uploads/2021/11/3.png" />
	<meta property="og:image:width" content="1640" />
	<meta property="og:image:height" content="924" />
	<meta property="og:image:type" content="image/png" />
<meta name="twitter:card" content="summary_large_image" />
<meta name="twitter:site" content="@LaCoopWelcoop" />
<meta name="twitter:label1" content="Est. reading time" />
	<meta name="twitter:data1" content="1 minute" />
<script type="application/ld+json" class="yoast-schema-graph">{"@context":"https:\/\/schema.org","@graph":[{"@type":"WebPage","@id":"https:\/\/www.lacooperativewelcoop.com\/en\/actualites\/agenda\/journee-daide-a-linstallation-clermont-ferrand\/","url":"https:\/\/www.lacooperativewelcoop.com\/en\/actualites\/agenda\/journee-daide-a-linstallation-clermont-ferrand\/","name":"Soirée « Rencontres de l’installation » - Clermont-Ferrand - La Coopérative Welcoop","isPartOf":{"@id":"https:\/\/www.lacooperativewelcoop.com\/#website"},"primaryImageOfPage":{"@id":"https:\/\/www.lacooperativewelcoop.com\/en\/actualites\/agenda\/journee-daide-a-linstallation-clermont-ferrand\/#primaryimage"},"image":{"@id":"https:\/\/www.lacooperativewelcoop.com\/en\/actualites\/agenda\/journee-daide-a-linstallation-clermont-ferrand\/#primaryimage"},"thumbnailUrl":"https:\/\/www.lacooperativewelcoop.com\/wp-content\/uploads\/2021\/11\/3.png","datePublished":"2021-11-02T15:28:37+00:00","dateModified":"2022-01-17T15:32:42+00:00","breadcrumb":{"@id":"https:\/\/www.lacooperativewelcoop.com\/en\/actualites\/agenda\/journee-daide-a-linstallation-clermont-ferrand\/#breadcrumb"},"inLanguage":"en-US","potentialAction":[{"@type":"ReadAction","target":["https:\/\/www.lacooperativewelcoop.com\/en\/actualites\/agenda\/journee-daide-a-linstallation-clermont-ferrand\/"]}]},{"@type":"ImageObject","inLanguage":"en-US","@id":"https:\/\/www.lacooperativewelcoop.com\/en\/actualites\/agenda\/journee-daide-a-linstallation-clermont-ferrand\/#primaryimage","url":"https:\/\/www.lacooperativewelcoop.com\/wp-content\/uploads\/2021\/11\/3.png","contentUrl":"https:\/\/www.lacooperativewelcoop.com\/wp-content\/uploads\/2021\/11\/3.png","width":1640,"height":924,"caption":"Rencontres installation"},{"@type":"BreadcrumbList","@id":"https:\/\/www.lacooperativewelcoop.com\/en\/actualites\/agenda\/journee-daide-a-linstallation-clermont-ferrand\/#breadcrumb","itemListElement":[{"@type":"ListItem","position":1,"name":"Accueil","item":"https:\/\/www.lacooperativewelcoop.com\/en\/"},{"@type":"ListItem","position":2,"name":"Agenda","item":"https:\/\/www.lacooperativewelcoop.com\/actualites\/agenda\/"},{"@type":"ListItem","position":3,"name":"Soirée « Rencontres de l’installation » &#8211; Clermont-Ferrand"}]},{"@type":"WebSite","@id":"https:\/\/www.lacooperativewelcoop.com\/#website","url":"https:\/\/www.lacooperativewelcoop.com\/","name":"La Coopérative Welcoop","description":"Citoyens de la santé et du bien-être","publisher":{"@id":"https:\/\/www.lacooperativewelcoop.com\/#organization"},"potentialAction":[{"@type":"SearchAction","target":{"@type":"EntryPoint","urlTemplate":"https:\/\/www.lacooperativewelcoop.com\/?s={search_term_string}"},"query-input":{"@type":"PropertyValueSpecification","valueRequired":true,"valueName":"search_term_string"}}],"inLanguage":"en-US"},{"@type":"Organization","@id":"https:\/\/www.lacooperativewelcoop.com\/#organization","name":"La Coopérative Welcoop","url":"https:\/\/www.lacooperativewelcoop.com\/","logo":{"@type":"ImageObject","inLanguage":"en-US","@id":"https:\/\/www.lacooperativewelcoop.com\/#\/schema\/logo\/image\/","url":"https:\/\/www.lacooperativewelcoop.com\/wp-content\/uploads\/2019\/08\/logo@2x.png","contentUrl":"https:\/\/www.lacooperativewelcoop.com\/wp-content\/uploads\/2019\/08\/logo@2x.png","width":400,"height":218,"caption":"La Coopérative Welcoop"},"image":{"@id":"https:\/\/www.lacooperativewelcoop.com\/#\/schema\/logo\/image\/"},"sameAs":["https:\/\/www.facebook.com\/lacooperativewelcoop","https:\/\/x.com\/LaCoopWelcoop","https:\/\/www.instagram.com\/lacooperativewelcoop\/","https:\/\/www.linkedin.com\/company\/la-cooperative-welcoop\/","https:\/\/www.youtube.com\/playlist?list=PLgsP06JS6FdCOQzquwK_JyDt9fl52quMf"]}]}</script>
<!-- / Yoast SEO plugin. -->

Soirée « Rencontres de l’installation » - Clermont-Ferrand - La Coopérative Welcoop

Envie de vous installer ?Objectif Pharma vous accompagne dans votre projet ! &#x27a1;&#xfe0f; Bénéficier de conseils de nos experts : comptables, assureurs, banquiers, avocats,…&#x27a1;&#xfe0f; Comprendre...

La Coopérative Welcoop

Citoyens de la santé et du bien-être
